ose -k = 3*k + 20. Let w = r + k. What are the prime factors of w?
2
Let z = -9 + 6. List the prime factors of ((-8)/z)/(4/6).
2
Let y be (1 + 14/(-2))/2. Let w(r) = 2*r**2 + 2*r - 6. What are the prime factors of w(y)?
2, 3
Let r(k) = 3*k**2 + 2*k + 2. Let g be r(-2). Let t be (4/(-5))/(2/g). Let s = 11 + t. List the prime factors of s.
7
Suppose -4*v = 3*t + 20, -t + 0*t - 4*v = 20. Suppose 0 = 2*l - 3*x - 51, t = -x - 3. List the prime factors of l.
3, 7
Let a = 55 - 25. Suppose -2*u - 3*u + a = 0. What are the prime factors of u?
2, 3
Let m = -10 - -17. Let t(j) = j**3 - 7*j**2 + 2*j - 6. Let u be t(m). Let r = u + 9. What are the prime factors of r?
17
List the prime factors of (156/5)/((-18)/(-60)) + -1.
103
Suppose 2*p - 3 = 3. Suppose -2*o = o. Suppose 3*l = -3*z + 39, o*z - 35 = -p*l + z. List the prime factors of l.
2, 3
Suppose -30 = -3*u + 15. What are the prime factors of u?
3, 5
Suppose -6*a + 688 = 4*k - 5*a, 322 = 2*k - 5*a. List the prime factors of k.
3, 19
Let u = 180 + -97. List the prime factors of u.
83
Suppose 5*a - 2*z - 232 = 0, 11 - 3 = 2*z. Let v = -25 + a. List the prime factors of v.
23
Let f be 3 + 2/(-1)*1. Let d = 2 - f. What are the prime factors of (0 + -11)*-1 - d?
2, 5
Suppose -114 = -5*c + 2*m, c = 2*m + 7 + 19. List the prime factors of c.
2, 11
Let i(q) = q**3 - 2*q**2 - 3*q - 3. Let f = 12 - 7. Let w be i(f). Suppose -7*h + 3*h + w = 5*t, h + 17 = 5*t. List the prime factors of h.
2
Let i = 0 - -3. Suppose -i*p - 3 = -4*p. What are the prime factors of p?
3
Let r(b) = 10*b**2 - 3*b - 4. List the prime factors of r(-2).
2, 3, 7
Let r be (-6*2)/(1/(-4)). Suppose -r = -2*l - 12. Let k = 32 - l. List the prime factors of k.
2, 7
Let d = 4 - 4. Suppose -c - 2 = d, 3 = -2*q - c + 1. Suppose q = 4*u - 10 - 22. What are the prime factors of u?
2
Suppose 5*a - 214 = 16. Suppose -4*y + y + 5*x + 64 = 0, 2*y - 4*x - a = 0. What are the prime factors of y?
13
Let o = 66 - 44. What are the prime factors of o?
2, 11
Suppose 4*l = 1391 + 349. List the prime factors of l.
3, 5, 29
Let b = 27 - 52. Suppose 3*l - 2*t + 124 = 3*t, 0 = -2*l + 5*t - 81. Let v = b - l. What are the prime factors of v?
2, 3
Let n = -10 - -36. Suppose l + l = n. List the prime factors of l.
13
Let n = -5 - -8. Let m(y) = -2*y + 1. Let w be m(n). Let j = 9 + w. What are the prime factors of j?
2
Let g = 25 - 52. Let l = g + 49. What are the prime factors of l?
2, 11
Suppose 224 = -23*v + 27*v. List the prime factors of v.
2, 7
Suppose c + 45 = -2*c. Let a = 30 + c. List the prime factors of a.
3, 5
Suppose -3*c = -h + 9, -c + 13 = -0*h + 5*h. List the prime factors of c*1 + (3 - -28).
29
Let c = 14 + 6. List the prime factors of c.
2, 5
Suppose -4*a = 4 + 24. List the prime factors of (-19)/a + (-16)/(-56).
3
Let l = 41 - 17. List the prime factors of l.
2, 3
Let n = -224 + 340. List the prime factors of n.
2, 29
Suppose 3*x + 2*q = -3*q + 37, 2*q = x + 6. Suppose x*n = 3*n. Suppose -4*g + 12 = -n*g. What are the prime factors of g?
3
Let n = -68 + 170. List the prime factors of n.
2, 3, 17
Suppose 9 = -2*u + u. Let r(s) be the second derivative of -s**5/20 - 2*s**4/3 + 4*s**3/3 - 7*s**2/2 - 11*s. What are the prime factors of r(u)?
2
Suppose n - 3*y - 32 = 0, -2*y - y - 92 = -4*n. What are the prime factors of n?
2, 5
Let m = -70 - -87. List the prime factors of m.
17
Suppose 2755 = 21*z - 2*z. What are the prime factors of z?
5, 29
Let i be (-2)/3*-3*1. Suppose -3*f + 12 = 0, -5*u - 3*f + 186 + 1 = 0. Suppose 0*p + 19 = p + i*s, -5*p + u = -5*s. List the prime factors of p.
11
Suppose 0 = -5*s + 15, i = -i - 3*s + 127. Suppose -3*c + 5*y = -110, 4*c + i = -5*y + 264. List the prime factors of c.
3, 5
Suppose z + 3*x = 0, 56 = -3*z - z + 2*x. Let p = 0 - z. List the prime factors of p.
2, 3
Suppose -i - 5 = 5*h + 25, -18 = 3*h + 2*i. Let g = 2 + -6. What are the prime factors of 35/3 - g/h?
11
Suppose 0*q = g - 2*q - 89, 89 = g - 5*q. List the prime factors of g.
89
Let v = -87 - -227. Suppose 0 = -14*m + 18*m - v. List the prime factors of m.
5, 7
Let a(v) = v**2 + 10*v + 8. Let c be a(-8). Let t = c - -8. Suppose 20 = -4*x, i = -t*i - 2*x - 8. List the prime factors of i.
2
Let d(x) = x + 3. Let f be d(-5). Let n = f + 4. Let o(z) = z**3 - 2*z**2 + 3*z. List the prime factors of o(n).
2, 3
Let d = -90 - -154. List the prime factors of d.
2
Let o(g) = g**3 + 8*g**2 + 8*g + 9. Let l be o(-7). What are the prime factors of -2 - (-2)/l - -39?
2, 19
Let w = -63 - -94. Let m = w - 0. What are the prime factors of m?
31
Let x(b) = 2*b**3 + 3*b**2 + 2*b + 2. Let a be x(3). Suppose 0 = 3*j - 22 - a. What are the prime factors of j?
37
Suppose -1 = k - 53. What are the prime factors of k?
2, 13
Let n be 8/6 - 4/(-6). Let g(m) = -n*m - 1 - 6 - 1. What are the prime factors of g(-6)?
2
Suppose -2*l = -3*h - 24, 0*l - 2*l = 4*h - 10. List the prime factors of l.
3
Let c be 4 - (-3 + 4) - 12. List the prime factors of (-6)/c - (-84)/9.
2, 5
Suppose -5*z - 4*g - 27 = 0, 3*g - g = 5*z + 9. List the prime factors of (-11*z/(-3))/(-1).
11
Let k = -3 + 8. Suppose -m + k*m - 24 = 0. Suppose -x - 50 = -m*x. What are the prime factors of x?
2, 5
Let j be 4/(-10)*(-25)/5. Let o = 12 + j. Suppose 0 = -2*n + 3*q, n + 2*n - q - o = 0. What are the prime factors of n?
2, 3
Let b(r) = r**3 + 11*r**2 + 7*r + 15. List the prime factors of b(-10).
3, 5
Suppose -1 = -s + 1. Let d = 7 - s. Let q(v) = 2*v - 3. What are the prime factors of q(d)?
7
Let z = -11 + 11. Suppose z = 5*a - 13 + 3. What are the prime factors of a?
2
Suppose -b + 27 = -x + 308, 0 = 3*b. List the prime factors of x.
281
Suppose 0 = g - 1 - 3. Let r be (-3)/g*(14 + 2). What are the prime factors of (22/5)/(r/(-30))?
11
Suppose 0*o - 50 = 2*o. Let g = -14 - o. List the prime factors of g.
11
What are the prime factors of (-1023)/(-21) - (-10)/35?
7
Suppose -2*w + 391 = 3*w + y, -w = 4*y - 82. List the prime factors of w.
2, 3, 13
Let l = 13 + -7. Let x = -2 + l. Suppose x*d - 15 = -3. List the prime factors of d.
3
What are the prime factors of 3/(-21) + (-2340)/(-14) + -2?
3, 5, 11
Let b(p) = -p**3 - 6*p**2 - 3. Suppose -v - 4*i = 22, -3*i - 8 = -i. Let r be b(v). Let l = 16 + r. List the prime factors of l.
13
Suppose -8*c + 4*c + 388 = -4*j, 3*c = -4*j + 256. List the prime factors of c.
2, 23
Let d(f) = 16*f + 1. What are the prime factors of d(2)?
3, 11
Suppose -4*y = y - 4*v - 18, 0 = y - 4*v - 10. What are the prime factors of 2 - (1 - 5)*y?
2, 5
Let k(t) = -t**2 - 3*t + 3. Let d be k(-3). Suppose d*g - 238 = -5*c, -56 - 24 = -2*c - 5*g. What are the prime factors of c?
2, 5
Let j = -44 - -73. What are the prime factors of j?
29
Let r = -1 - -4. Suppose 0 = -r*p + p + 24. Let n = p + -2. List the prime factors of n.
2, 5
Let y = 259 + -165. What are the prime factors of y?
2, 47
Suppose 2*y - 322 = -0. List the prime factors of y.
7, 23
Let g be ((-3 - 0) + 2)*-5. Suppose g*v + 3*m = -0*m - 1, -3*m - 6 = 0. Suppose k - v = -3*q + 11, 0 = 3*k + 2*q - 29. What are the prime factors of k?
3
Let f(h) = h**2 + 7*h - 1. Let d be f(-7). Let p(o) be the second derivative of -4*o**3/3 - o. What are the prime factors of p(d)?
2
Let m(u) = -u + 8. Let o be m(6). Suppose -3*h - 3*w = -12, 5*w = 3*h + 3*w - 7. Let j = o + h. What are the prime factors of j?
5
Suppose -4*l - 36 = -120. What are the prime factors of l?
3, 7
Suppose -2*g - 190 = -7*g. What are the prime factors of g?
2, 19
Let a(q) be the second derivative of q**5/20 - 2*q**4/3 + 4*q**3/3 - 3*q**2/2 - 2*q. What are the prime factors of a(7)?
2
Suppose 4*a = -v + 182, 4*v + 3*a = v + 546. List the prime factors of v.
2, 7, 13
Suppose t - 3*i = 0, 5 = 5*i - 0. Suppose 0 = t*o + o - 2*z - 42, -39 = -3*o + 3*z. What are the prime factors of o?
2
Suppose 4*q + 32 = 2*n + 8*q, -4*q = 0. List the prime factors of n.
2
Let w be 1/4 + (-74)/8. Let v = -5 - w. What are the prime factors of v?
2
Let m = 18 + -11. Suppose 3*o + 80 = m*o. What are the prime factors of o/6*3/2?
5
Let h = 4 + -1. Suppose -12 = -4*q + f, -4 = -4*q - 0*f + h*f. List the prime factors of q.
2
Suppose 7 = -5*z + 2, 3*s - 1 = -5*z. What are the prime factors of (-78)/(-12)*(4 + s)?
3, 13
Suppose 8*t - 40 = -8. What are the prime factors of t?
2
Suppose -2*r - 3*a + 25 + 20 = 0,